 -58 - -75).
47
Calculate -56 + -3 + 0 + 3 + 10.
-46
(-14 - ((13 - 0) + -23 + 62)) + 3
-63
Calculate 4 + (7 - 12 - -4) - 45 - 13.
-55
(-65 - 32) + 57 - (-3 + 0 - 0)
-37
What is 30 + (-18 - -40 - 35) - (-6 + 3)?
20
What is 85 - ((-5 - -5) + 5 + (29 + -42 - -18))?
75
-47 - 0 - (-93 - (3 + -109))
-60
Calculate 88 + -77 + 0 + -28 + -1 + (-18 - -6).
-30
Evaluate 0 - 1 - (4 + -10) - (215 + -111 - 93).
-6
What is the value of -2 + (-5 - 18) + -63 + 87?
-1
What is the value of -24 + -46 + -56 - -79?
-47
What is 6 - (-6 - (5 + -15)) - (-43 - -65)?
-20
-10 + 10 - (-27 + 10 + -1 + -4 + -14)
36
(-36 - -30) + 0 + 3 + 9 + 6
12
What is -81 + (-38 - -5) + (43 - 13)?
-84
9 - (-14 + 18 - -8 - 2) - 12
-13
What is -66 + -101 - -138 - (-82 + -1)?
54
What is the value of -4286 + 4214 + 1 + 83 + 23 + 0?
35
19 + -12 + (-2 - 4) - (-7 - -3)
5
What is the value of 1 + 3 - ((20 - (18 - 9)) + -15 + -46)?
54
Evaluate 42 + -2 + -60 + -35.
-55
What is -24 - (-16 + -25 + 47)?
-30
What is the value of (4 - (18 - 19)) + (-3 - (0 + -2) - -47)?
51
What is 1 - 0 - -54 - (186196 + -186198)?
57
-23 + 101 + (-20 - -41) + -26
73
Evaluate (-20 - -25) + -14 - (3 + 4).
-16
What is (-29 - -43) + 2 + -49?
-33
What is -2 + (2 - (6 - (38 - (-3 + -8)) - 8))?
51
Calculate -6 - (19 - (133 + -38)).
70
What is 105 + -119 + 17 + -21 + (-73 - 0)?
-91
Evaluate (-1 - (5 - 33)) + (2 + -2 - (4 + 3)).
20
Calculate 15 + -48 + 60 - -18.
45
Calculate -9 - -125 - (329 + -157).
-56
What is 127 + (27 - (72 - 12)) + 3?
97
Calculate -12 + (8 + -3 - 26).
-33
What is -39 + -74 + (-106 - -281)?
62
0 + -2 + -11 + (719 - 679)
27
What is the value of 51 + -5 + 34 + -38 + -3 + 9 + -3?
45
Evaluate 27 - -2 - (-2 - -30) - 51.
-50
What is the value of (-2 - -58) + (-46 - (-12 - 17))?
39
What is -72 - (74 - 174) - 43?
-15
What is 1475 + -1455 + 4 + 4 + -75?
-47
-29 - (10 + (-25 - 14)) - -63
63
-19 + 8 + (-5 - 0) + 7 + -12
-21
Calculate 1 - (-2 - -5) - (-31 + 89 - (0 + 1)).
-59
Evaluate (-247 + 86 - -138) + (-1 - ((2 - 1) + -1)).
-24
Calculate (-39 + 0 - -15) + 24 - -68.
68
Evaluate -86 + 35 + 32 + -99.
-118
What is the value of -101 + 26 + 89 + 44 + 2?
60
What is 12 - (57 + -111 + 54 + 117 + -3)?
-102
What is the value of 10 + 36 + -45 - -38?
39
Evaluate 35333 + -35300 + 1 + -1 + -8.
25
Evaluate 63 - 64 - (-97 - 1) - 3 - (2 + -11).
103
What is the value of -33 - (-14 - 56 - 9) - 17?
29
Calculate -55 - (-60 + 65 - (-43 - -36)).
-67
(3 - (6 + 1)) + (-13 + 11 - -37 - 3)
28
What is the value of (2 - -113) + 8 + (-45 - -24) - -7?
109
Evaluate 20 + -63 - (35 + 9 + -38).
-49
Calculate -1 + 1 + -8 + (-29 - (-1 + -7)).
-29
-21 - ((16 + -8 - -10) + -5 + 1) - -8
-27
Evaluate (76 - 49) + -7 + (3 - 7).
16
What is 1 + 35 + 7 + (-37 - -29 - -8)?
43
What is the value of 86 + (11 - 40) - 102?
-45
92 + (-63 - 1) + -50
-22
-17 + (3 - 1) - (36 - (21 - -57 - -26))
53
What is (-5 - -1 - -3 - 1) + 1594 + -1605?
-13
(97 - (50 + 63)) + (-2 - -32) - (-10 + 1)
23
What is (-48 - (78 - 94)) + 71?
39
Evaluate (-48 - -80) + -7 + 4.
29
1 - -16 - (885 - 856)
-12
What is 4 + -6 + -11 - (-16 + -11 + 56)?
-42
Calculate (9 + 12 + -13 + 2 - 8 - -6) + -96.
-88
What is 47 - ((34 - 30) + 17) - (16 + -2)?
12
Evaluate -18 - (29 + 27 - 107).
33
Calculate -55 + 188 + -168 + 0 + -12.
-47
What is the value of 22 + (-23 - (15 - 28)) + -133 - (-3 - 6)?
-112
Calculate (-12 - -26) + (-5 - 1) + (1 - 15).
-6
What is the value of -4 - ((17 - 18) + 1) - (-14 + -4)?
14
Calculate -64 + -34 + 78 + 0 + 18.
-2
Calculate 9 + -108 + -4 + (-36 - (41 - 74)).
-106
What is -9 - (12 + -2 + -14) - (-39 + 1)?
33
Calculate (-5 - (1 + 3)) + 110 + -169 + 1 + -20.
-87
-1 - (-2 + 26) - (113 - 113)
-25
What is the value of -35 - (43 - (152 - 54))?
20
Evaluate -48 - ((-6 - -15) + 7 - 12).
-52
What is the value of (-3 - -2 - (-6 + 91 + -4)) + -607 + 619?
-70
Calculate (65 + -23 - -62) + 6 + -40.
70
What is the value of -5 + 32 + (3 - -2 - (46 - 33)) - 4?
15
Calculate 43 - 8 - (-113 - -36).
112
3 - (8 - 15 - (3 - 9 - 76) - 9)
-63
What is -8 + 41 + (-72 - -50) - (17 + (1 - 1))?
-6
Evaluate 11 + -85 - -54 - (-1 + 25).
-44
Calculate -16 + (47 - 253) + 109.
-113
Evaluate 3593 + -3632 - (-2 - 148).
111
(-8 + 3 - 4 - (-88 - -67)) + -22
-10
0 + (50 - 0) + 5 + -2 + 3
56
-63 + 2 - -66 - (51 + 1)
-47
What is the value of -52 - (-13 - (39 + -46))?
-46
Calculate -1 + (-97 - -1) + (27 - (-32 - -67)).
-105
97 - 1 - -1 - (-11421 - -11438)
80
What is (50 - (24 + -29)) + -49?
6
Evaluate 49 + (96 - (39 - -3)).
103
Evaluate 15 + -5 + -4 + (-28 - -4) + 9 + 33.
24
What is the value of 1 - (-1 + (6 - 10) - 25) - 7?
24
1 + -6 + 36 + (21 + 24 - 93)
-17
What is (20 - 1) + (-2 - -2) + -5?
14
What is the value of -13 + -16 + (3 - (13 + 6))?
-45
What is 1 + -5 - (210 + -167) - 37?
-84
What is (-24 - -43) + (0 + 9 - (438 - 426))?
16
7 + -11 + -7 + (-14 - (4 - 0))
-29
Calculate (-86 - (5 + -26)) + 28 - 20.
-57
Evaluate -3 - (-6 + 1 - (127 + -121) - 25).
33
Evaluate 15 + (-15 - (24 + -10)).
-14
(12 - 7 - 3 - (47 + -29)) + 31
15
Evaluate (-25 - -12 - (-20 + 9)) + 26.
24
-4 + -14 + 14 + -2 + 4 + (-12 - -44)
30
What is (-49 - (-56 + 59 + -18)) + -2 + (7 - 1)?
-30
-43 - (25 - 53 - 10)
-5
Calculate 9 + (-1 - 0) + 20 + 10 + -15 + 21.
44
What is (45 + -2 - 0) + 26 + 10 + -33?
46
-63 - (0 - (-12 + (5 + -1 - -1)))
-70
What is the value of 11 - (-31 + 160 - 3) - -30?
-85
What is the value of -113 - -101 - ((9 - (8 + -2)) + (-2 - -1))?
-14
What is -5 + -1 + -1 + 16 + -8 + -3 + -9?
-11
Evaluate -1 - -9 - (123 + -13 + 12 + -9).
-105
-14 - ((-37 - -25 - -14) + -16)
0
8 + -2 - 1 - (-19 - -13 - 66)
77
What is (-5082 - -5051) + -36 + -1?
-68
What is the value of 6 + -3 + (35 + -12 + 9 - (2 + -8))?
41
What is 1 + -7 - (10 - (49 - -29))?
62
What is -13 - (-34 + 59) - -120 - ((0 - 2) + -3)?
87
Calculate (-44 - (-4 - 33)) + 56.
49
Calculate (9 - -88 - (-1 + -8 + (-210 - -231))) + 13.
98
What is the value of -15 - (971 - 957 - (0 + 19))?
-10
Evaluate (8 + (-30 - -20) - 13) + 13.
-2
What is the value of ((-10 - (-17 + 19)) + -2 + 10 - -14) + 49?
59
Calculate (-91 - (16 + -49)) + 14.
-44
Evaluate (-21 - -8 - 5) + -4 - -80.
58
Evaluate -148 - (-19 + (-42 - (-61 + 40))).
-108
Evaluate -86 - (9 - 131) - (-2 - -1 - -3 - 4).
38
Evaluate (-149 - (30 - 67)) + -23.
-135
What is 179 + (147 - 112) + -100?
114
What is 59 + (-34 - 64) + -20?
-59
What is the value of 2248 + -2248 + (-13 - 0)?
-13
What is -39 - (-31 - 11) - -20?
23
Evaluate 12 + -72 - -22 - (-4 + -19).
-15
What is -17 + -14 + 12 + 19 + -2?
-2
Evaluate -2 - (-3 + -57) - (-2 + 9) - (8 - 14).
57
Evaluate 49 + (-4 - 104 - -175).
116
Calculate 3 - (-325 + 289 - (3 + -66)).
-24
-15 + (87 - (62 + -63 - (0 + -9)))
64
What is -1 + 8 + 12 + (14 - (1 + -2 - 11))?
45
Evaluate 24 + -34 + -65 + (12 - 19).
-82
What is the value of (-21 + 21 - 3) + -16 + 86?
67
21 + (-44 - -23 - (-4 + -3)) + (55 - 5)
57
(-77 - (55 - 98)) + 120
86
Evaluate (-59 - -20) + 7 + 2 + 2 - -14.
-14
What is the value of -35 + 25 + 142 - (-11 - ((-6 - -8) + 0))?
145
What is the value of (-2432 - -2406) + (-69 - -2)?
-93
What is 4 + (5 - 0) - (-21 + 0)?
30
Evaluate 8 - (0 + 4 - (-917 + 886)).
-27
What is the value of -60 + 59 - (0 - (51 + 4)) - -2?
56
What is 15 - 24 - 197 - -100?
-106
What is 1 + -15 - (62 - 83) - (-42 + 7 + -6)?
48
What is the value of -62 + 47 - (9 - 1) - (0 - -2)?
-25
0 + 8 + (-969 - -917)
-44
What is -14 + (-15 + (15 - -6) - 4) + 17?
5
What is the value of -47 + 105 - 57 - (-5 - 3)?
9
Calculate 18 + 20 - 25 - -37.
50
-15 + 57 + (1 + -7 - (-42 - -31))
47
3 + -23 + 11 + 27 + (-74 - -1)
-55
What is 77 + (-3 + 1 - -3) - (-59 + 148 - 78)?
67
What is (-195 - -65) + (71 - -2)?
-57
-13 + 105 + (-23 - (0 + -7)) + -2 + -4
70
Calculate (30 - 23) + (8 - 5 - -8) - -9.
27
-73 + 14 + (-27 - -20 - 14) + (-2 - -8)
-74
Evaluate -13 + (25 + -74 - -9).
-53
7 + 18 - (-13 + 68 + 14)
-44
What is 38 - (15 + -2 + -20 + 9 + -1)?
37
(-12 - -15) + 30 + -89 + 103
47
What is the value of 23 - 50 - (19 - (76 + -17))?
13
Evaluate -26 + 0 - (-2 - 19 - (99 - (52 + 69))).
-27
Evaluate 12 - -4 - (-14 - (-87 - -28 - -26)).
-3
Evaluate 51 + -20 + 5 + (-21 + 6 - -19) + -5.
35
(76 + -88 - (-4 - (-2 - -1))) + -17
-26
What is -119 + 93 + 10 - 14?
-30
Calculate 1 + -21 - (70 - 103).
13
114 - (198 + 31 + -104)
-11
What is (-1 + -22 + 6 - -19) + 1 + -32 + 0?
-29